{"id":915,"date":"2022-10-31T14:10:07","date_gmt":"2022-10-31T14:10:07","guid":{"rendered":"https:\/\/www.stimulus.nl\/opzuid-2021-2027\/?page_id=915"},"modified":"2025-02-25T07:08:32","modified_gmt":"2025-02-25T07:08:32","slug":"monitoringcomite","status":"publish","type":"page","link":"https:\/\/www.stimulus.nl\/opzuid-2021-2027\/monitoringcomite\/","title":{"rendered":"Monitoringcomit\u00e9"},"content":{"rendered":"<section class=\"l-section wpb_row height_medium\"><div class=\"l-section-h i-cf\"><div class=\"g-cols vc_row via_flex valign_top type_default stacking_default\"><div class=\"vc_col-sm-12 wpb_column vc_column_container\"><div class=\"vc_column-inner\"><div class=\"wpb_wrapper\"><div class=\"wpb_text_column\"><div class=\"wpb_wrapper\"><h1>Monitoringcomit\u00e9<\/h1>\n<\/div><\/div><div class=\"wpb_text_column\"><div class=\"wpb_wrapper\"><p>Het Monitoringcomit\u00e9 (Comit\u00e9 van Toezicht) ziet toe op de correcte uitvoering van het programma: het evalueert onder andere de uitvoering en de vooruitgang die geboekt is met de verwezenlijking van de doelstellingen van het programma.<\/p>\n<p>Het Monitoringcomit\u00e9 staat onder voorzitterschap van de commissaris van de Koning van Zeeland. Die functie wordt momenteel bekleed door de heer Hugo de Jonge. Verder bestaat het uit vertegenwoordigers van de drie zuidelijke provincies, het Rijk, de Europese Commissie, kennisinstellingen, milieuorganisaties, het maatschappelijk middenveld en werkgevers- en werknemersorganisaties. Het Monitoringcomit\u00e9 is ingesteld door gedeputeerde staten van de provincie Noord-Brabant, in haar rol van Management Autoriteit (Beheerautoriteit) voor het OPZuid. Zie dit <a href=\"https:\/\/www.stimulus.nl\/opzuid-2021-2027\/wp-content\/uploads\/sites\/12\/2024\/02\/Instellingsbesluit-CvT-prb-2022-9041.pdf\">instellingsbesluit<\/a>.<\/p>\n<p>In het kader van transparantie heeft het Monitoringcomit\u00e9 besloten om van elke vergadering een beknopt verslag te publiceren. De verslagen worden beschikbaar gesteld via \u2018<span style=\"text-decoration: underline\"><a href=\"https:\/\/www.stimulus.nl\/opzuid-2021-2027\/monitoringcomite\/##verslaggeving\">Verslaggeving Monitoringcomit\u00e9<\/a><\/span>\u2018.<\/p>\n<\/div><\/div><div class=\"w-separator size_medium\"><\/div><div class=\"w-tabs layout_hor style_trendy switch_click has_scrolling\" style=\"--sections-title-size:16px\"><div class=\"w-tabs-list items_2 align_none\" style=\"font-family:var(--font-family);\"><div class=\"w-tabs-list-h\"><button class=\"w-tabs-item active\" aria-controls=\"content-r5dc\" aria-expanded=\"false\"><span class=\"w-tabs-item-title\">Leden Monitoringcomit\u00e9<\/span><\/button><button class=\"w-tabs-item\" aria-controls=\"content-#verslaggeving\" aria-expanded=\"false\"><span class=\"w-tabs-item-title\">Verslaggeving Monitoringcomit\u00e9<\/span><\/button><\/div><\/div><div class=\"w-tabs-sections titles-align_none icon_chevron cpos_right\"><div class=\"w-tabs-section active\" id=\"r5dc\"><button class=\"w-tabs-section-header active\" aria-controls=\"content-r5dc\" aria-expanded=\"true\"><div class=\"w-tabs-section-title\">Leden Monitoringcomit\u00e9<\/div><div class=\"w-tabs-section-control\"><\/div><\/button><div  class=\"w-tabs-section-content\" id=\"content-r5dc\"><div class=\"w-tabs-section-content-h i-cf\"><div class=\"wpb_text_column\"><div class=\"wpb_wrapper\"><h3>Monitoringcomit\u00e9<\/h3>\n<\/div><\/div><div class=\"wpb_text_column\"><div class=\"wpb_wrapper\">  <style>\n            #dwl-team-wrapper-69f267adec71c .team-member-socials a {\n          background-color: #4258d6;\n      }\n      #dwl-team-wrapper-69f267adec71c .team-member-other-info .fas {\n          color: #4258d6;\n      }\n      \n        <\/style>\n\n  <div id=\"dwl-team-wrapper-69f267adec71c\" class=\"dwl-team-wrapper wtm-container-fluid wtm-team-manager-shortcode\">\n      <div class=\"dwl-team-wrapper--main wtm-row g-2 g-lg-3 dwl-team-layout-grid dwl-team-image-style-boxed\">\n                <\/div>\n  <\/div>\n\n  \n<\/div><\/div><\/div><\/div><\/div><div class=\"w-tabs-section\" id=\"#verslaggeving\"><button class=\"w-tabs-section-header\" aria-controls=\"content-#verslaggeving\" aria-expanded=\"false\"><div class=\"w-tabs-section-title\">Verslaggeving Monitoringcomit\u00e9<\/div><div class=\"w-tabs-section-control\"><\/div><\/button><div  class=\"w-tabs-section-content\" id=\"content-#verslaggeving\"><div class=\"w-tabs-section-content-h i-cf\"><div class=\"wpb_text_column\"><div class=\"wpb_wrapper\"><p><strong>Vergadering 6 november 2024<\/strong><\/p>\n<ul>\n<li><span style=\"text-decoration: underline\"><a href=\"https:\/\/www.stimulus.nl\/opzuid-2021-2027\/wp-content\/uploads\/sites\/12\/2025\/02\/Notulen-Comite-van-Toezicht-OPZuid-2021-2027-06-01-2024.pdf\">Notulen Comite van Toezicht OPZuid 2021-2027 06-01-2024<\/a><\/span><\/li>\n<li><span style=\"text-decoration: underline\"><a href=\"https:\/\/www.stimulus.nl\/opzuid-2021-2027\/wp-content\/uploads\/sites\/12\/2025\/02\/0.-Uitnodiging-Comite-van-Toezicht-6-november-2024.pdf\">0. Uitnodiging Comit\u00e9 van Toezicht 6 november 2024<\/a><\/span><\/li>\n<li><span style=\"text-decoration: underline\"><a href=\"https:\/\/www.stimulus.nl\/opzuid-2021-2027\/wp-content\/uploads\/sites\/12\/2025\/02\/2021-2027-Bijlage-3-Two-pager-Interreg-vs.-OPZuid.pdf\">Bijlage 3 &#8211; Two pager Interreg vs. OPZuid<\/a><\/span><\/li>\n<li><span style=\"text-decoration: underline\"><a href=\"https:\/\/www.stimulus.nl\/opzuid-2021-2027\/wp-content\/uploads\/sites\/12\/2025\/02\/2021-2027-Bijlage-4-Terugkoppeling-pyrolyse.pdf\">Bijlage 4 &#8211; Terugkoppeling pyrolyse<\/a><\/span><\/li>\n<li><span style=\"text-decoration: underline\"><a href=\"https:\/\/www.stimulus.nl\/opzuid-2021-2027\/wp-content\/uploads\/sites\/12\/2025\/02\/2021-2027-Bijlage-5-Oplegger-landspecifieke-aanbevelingen-2024-Nederland.pdf\">Bijlage 5 &#8211; Oplegger landspecifieke aanbevelingen 2024 Nederland<\/a><\/span><\/li>\n<li><span style=\"text-decoration: underline\"><a href=\"https:\/\/www.stimulus.nl\/opzuid-2021-2027\/wp-content\/uploads\/sites\/12\/2025\/02\/2021-2027-Bijlage-6-Landspecifieke-aanbevelingen-2024.pdf\">Bijlage 6 &#8211; Landspecifieke aanbevelingen 2024<\/a><\/span><\/li>\n<li><span style=\"text-decoration: underline\"><a href=\"https:\/\/www.stimulus.nl\/opzuid-2021-2027\/wp-content\/uploads\/sites\/12\/2025\/02\/2021-2027-Bijlage-7a-Vision-paper-cohesiebeleid-post-2027-versie-EN.pdf\">Bijlage 7a Vision paper cohesiebeleid post 2027 versie EN<\/a><\/span><\/li>\n<li><span style=\"text-decoration: underline\"><a href=\"https:\/\/www.stimulus.nl\/opzuid-2021-2027\/wp-content\/uploads\/sites\/12\/2025\/02\/2021-2027-Bijlage-7b-Vision-paper-cohesiebeleid-post-2027-versie-NL.pdf\">Bijlage 7b Vision paper cohesiebeleid post 2027 versie NL<\/a><\/span><\/li>\n<li><span style=\"text-decoration: underline\"><a href=\"https:\/\/www.stimulus.nl\/opzuid-2021-2027\/wp-content\/uploads\/sites\/12\/2025\/02\/2021-2027-Bijlage-9-Memo-stand-van-zaken-OPZuid-2021-2027.pdf\">Bijlage 9 &#8211; Memo stand van zaken OPZuid 2021-2027<\/a><\/span><\/li>\n<li><span style=\"text-decoration: underline\"><a href=\"https:\/\/www.stimulus.nl\/opzuid-2021-2027\/wp-content\/uploads\/sites\/12\/2025\/02\/2021-2027-Bijlage-10-Oplegnotitie-Openstellingen-OPZuid-2021-2027-voor-het-jaar-2025.pdf\">Bijlage 10 &#8211; Oplegnotitie Openstellingen OPZuid 2021-2027 voor het jaar 2025<\/a><\/span><\/li>\n<li><span style=\"text-decoration: underline\"><a href=\"https:\/\/www.stimulus.nl\/opzuid-2021-2027\/wp-content\/uploads\/sites\/12\/2025\/02\/2021-2027-Bijlage-11-Inhoudelijk-kader-2025-OPZuid-2021-2027.pdf\">Bijlage 11 &#8211; Inhoudelijk kader 2025 OPZuid 2021-2027<\/a><\/span><\/li>\n<li><span style=\"text-decoration: underline\"><a href=\"https:\/\/www.stimulus.nl\/opzuid-2021-2027\/wp-content\/uploads\/sites\/12\/2025\/02\/2021-2027-Bijlage-12-Beoordelingskader-OPZuid-2021-2027.pdf\">Bijlage 12 &#8211; Beoordelingskader OPZuid 2021-2027<\/a><\/span><\/li>\n<li><span style=\"text-decoration: underline\"><a href=\"https:\/\/www.stimulus.nl\/opzuid-2021-2027\/wp-content\/uploads\/sites\/12\/2025\/02\/2021-2027-Bijlage-13-Overzicht-stand-van-zaken-m.b.t.-uitvoering-Communicatieplan-OPZuid-2024.pdf\">Bijlage 13 &#8211; Overzicht stand van zaken m.b.t. uitvoering Communicatieplan OPZuid 2024<\/a><\/span><\/li>\n<li><span style=\"text-decoration: underline\"><a href=\"https:\/\/www.stimulus.nl\/opzuid-2021-2027\/wp-content\/uploads\/sites\/12\/2025\/02\/2021-2027-Bijlage-14-Oplegnotitie-communicatieplan-2025.pdf\">Bijlage 14 &#8211; Oplegnotitie communicatieplan 2025<\/a><\/span><\/li>\n<li><span style=\"text-decoration: underline\"><a href=\"https:\/\/www.stimulus.nl\/opzuid-2021-2027\/wp-content\/uploads\/sites\/12\/2025\/02\/2021-2027-Bijlage-15-Communicatieplan-OPZuid-2025.pdf\">Bijlage 15 &#8211; Communicatieplan OPZuid 2025<\/a><\/span><\/li>\n<li><span style=\"text-decoration: underline\"><a href=\"https:\/\/www.stimulus.nl\/opzuid-2021-2027\/wp-content\/uploads\/sites\/12\/2025\/02\/2021-2027-Bijlage-16-Overzicht-strategische-EU-projecten.pdf\">Bijlage 16 &#8211; Overzicht strategische EU projecten<\/a><\/span><\/li>\n<li><span style=\"text-decoration: underline\"><a href=\"https:\/\/www.stimulus.nl\/opzuid-2021-2027\/wp-content\/uploads\/sites\/12\/2025\/02\/2021-2027-Bijlage-17-Aanpak-en-acties-strategische-EU-projecten-OPZuid.pdf\">Bijlage 17 &#8211; Aanpak en acties strategische EU-projecten OPZuid<\/a><\/span><\/li>\n<\/ul>\n<p><strong>Vergadering 24 april 2024<\/strong><\/p>\n<ul>\n<li><a href=\"https:\/\/www.stimulus.nl\/opzuid-2021-2027\/wp-content\/uploads\/sites\/12\/2025\/02\/Notulen-Comite-van-Toezicht-OP-Zuid-2021-2027-24-04-2024-1.pdf\">Notulen Comite van Toezicht OP Zuid 2021-2027 24-04-2024<\/a><\/li>\n<li><a href=\"https:\/\/www.stimulus.nl\/opzuid-2021-2027\/wp-content\/uploads\/sites\/12\/2025\/02\/0.-Uitnodiging-Comite-van-Toezicht-24-april-2024-getekend.pdf\">0. Uitnodiging Comit\u00e9 van Toezicht 24 april 2024 (getekend)<\/a><\/li>\n<li><a href=\"https:\/\/www.stimulus.nl\/opzuid-2021-2027\/wp-content\/uploads\/sites\/12\/2025\/02\/2021-2027-Bijlage-3-Memo-stand-van-zaken-OPZuid-2021-2027.pdf\">2021-2027 Bijlage 3 &#8211; Memo stand van zaken OPZuid 2021-2027<\/a><\/li>\n<li><a href=\"https:\/\/www.stimulus.nl\/opzuid-2021-2027\/wp-content\/uploads\/sites\/12\/2025\/02\/2021-2027-Bijlage-4a-Oplegnotitie-Beoordelingskader-OPZuid-2021-2027.pdf\">2021-2027 Bijlage 4a &#8211; Oplegnotitie Beoordelingskader OPZuid 2021-2027<\/a><\/li>\n<li><a href=\"https:\/\/www.stimulus.nl\/opzuid-2021-2027\/wp-content\/uploads\/sites\/12\/2025\/02\/2021-2027-Bijlage-4b-Beoordelingskader-OPZuid-2021-2027.pdf\">2021-2027 Bijlage 4b &#8211; Beoordelingskader OPZuid 2021-2027<\/a><\/li>\n<li><a href=\"https:\/\/www.stimulus.nl\/opzuid-2021-2027\/wp-content\/uploads\/sites\/12\/2025\/02\/2021-2027-Bijlage-5-Strategische-EU-projecten.pdf\">2021-2027 Bijlage 5 &#8211; Strategische EU projecten<\/a><\/li>\n<\/ul>\n<p><strong>Vergadering 8 november 2023<\/strong><\/p>\n<ul>\n<li><span style=\"text-decoration: underline\"><a href=\"https:\/\/www.stimulus.nl\/opzuid-2021-2027\/wp-content\/uploads\/sites\/12\/2024\/07\/Notulen-CvT-OP-Zuid-2021-2027-8-november-2023.pdf\">Notulen CvT OPZuid 2021-2027 8 november 2023<\/a><\/span><\/li>\n<li><span style=\"text-decoration: underline\"><a href=\"https:\/\/www.stimulus.nl\/opzuid-2021-2027\/wp-content\/uploads\/sites\/12\/2024\/07\/0.-Uitnodiging-Comite-van-Toezicht-8-november-2023-getekend.pdf\">Uitnodiging Monitoringcomit\u00e9 8 november 2023<\/a><\/span><\/li>\n<li><a href=\"https:\/\/www.stimulus.nl\/opzuid-2021-2027\/wp-content\/uploads\/sites\/12\/2024\/07\/2021-2027-Bijlage-2a-ERAC-monitoringsrapport.pdf\">2a. ERAC Monitoringsrapport<\/a><\/li>\n<li><span style=\"text-decoration: underline\"><a href=\"https:\/\/www.stimulus.nl\/opzuid-2021-2027\/wp-content\/uploads\/sites\/12\/2024\/07\/2021-2027-Bijlage-2b-Goedkeuring-wijziging-Operationeel-Programma.pdf\">2b. Goedkeuring wijziging Operationeel programma<\/a><\/span><\/li>\n<li><span style=\"text-decoration: underline\"><a href=\"https:\/\/www.stimulus.nl\/opzuid-2021-2027\/wp-content\/uploads\/sites\/12\/2024\/07\/2021-2027-Bijlage-3-Terugkoppeling-schriftelijke-ronde-CvT-2021-2027-\u2013-10-mei-2023.pdf\">3. Terugkoppeling schriftelijke ronde CvT 2021-2027 10 mei<\/a><\/span><\/li>\n<li><span style=\"text-decoration: underline\"><a href=\"https:\/\/www.stimulus.nl\/opzuid-2021-2027\/wp-content\/uploads\/sites\/12\/2024\/07\/2021-2027-Bijlage-4-Terugkoppeling-schriftelijke-ronde-CvT-2021-2027-29-september-2023.pdf\">4. Terugkoppeling schriftelijke ronde CvT 2021-2027 29 september<\/a><\/span><\/li>\n<li><span style=\"text-decoration: underline\"><a href=\"https:\/\/www.stimulus.nl\/opzuid-2021-2027\/wp-content\/uploads\/sites\/12\/2024\/07\/2021-2027-Bijlage-5a-Memo-ronde-langs-kennisinstellingen-en-stakeholders.pdf\">5a. Memo ronde langs kennisinstellingen en stakeholders<\/a><\/span><\/li>\n<li><a href=\"https:\/\/www.stimulus.nl\/opzuid-2021-2027\/wp-content\/uploads\/sites\/12\/2024\/07\/2021-2027-Bijlage-5b-Memo-cyclische-weergave-taken-Comite-van-Toezicht.pdf\">5b. Memo cyclische weergave taken Comit\u00e9 van Toezicht<\/a><\/li>\n<li><span style=\"text-decoration: underline\"><a href=\"https:\/\/www.stimulus.nl\/opzuid-2021-2027\/wp-content\/uploads\/sites\/12\/2024\/07\/2021-2027-Bijlage-5c.i-Oplegger-landspecifieke-aanbevelingen-2023-Nederland.pdf\">5c.i Oplegger landspecifieke aanbevelingen 2023 Nederland<\/a><\/span><\/li>\n<li><span style=\"text-decoration: underline\"><a href=\"https:\/\/www.stimulus.nl\/opzuid-2021-2027\/wp-content\/uploads\/sites\/12\/2024\/07\/2021-2027-Bijlage-5c.ii-Landspecifieke-aanbevelingen-2023-Nederland.pdf\">5c.ii Landspecifieke aanbevelingen 2023 Nederland<\/a><\/span><\/li>\n<li><span style=\"text-decoration: underline\"><a href=\"https:\/\/www.stimulus.nl\/opzuid-2021-2027\/wp-content\/uploads\/sites\/12\/2024\/07\/2021-2027-Bijlage-5d-Evaluatieplan-Operationeel-Programma-Zuid-Nederland.pdf\">5d. Evaluatieplan Operationeel Programma Zuid-Nederland<\/a><\/span><\/li>\n<li><span style=\"text-decoration: underline\"><a href=\"https:\/\/www.stimulus.nl\/opzuid-2021-2027\/wp-content\/uploads\/sites\/12\/2024\/07\/2021-2027-Bijlage-5e-Memo-onderzoek-naar-herindieningen-OPZuid.pdf\">5e. Memo onderzoek naar herindieningen OPZuid<\/a><\/span><\/li>\n<li><span style=\"text-decoration: underline\"><a href=\"https:\/\/www.stimulus.nl\/opzuid-2021-2027\/wp-content\/uploads\/sites\/12\/2024\/07\/2021-2027-Bijlage-5f-Update-RIS3-Evaluatie.pdf\">5f. Update RIS3 Evaluatie<\/a><\/span><\/li>\n<li><a href=\"https:\/\/www.stimulus.nl\/opzuid-2021-2027\/wp-content\/uploads\/sites\/12\/2024\/07\/2021-2027-Bijlage-6-Memo-stand-van-zaken-OPZuid-2021-2027.pdf\">6. Memo stand van zaken OPZuid 2021-2027<\/a><\/li>\n<li><span style=\"text-decoration: underline\"><a href=\"https:\/\/www.stimulus.nl\/opzuid-2021-2027\/wp-content\/uploads\/sites\/12\/2024\/07\/2021-2027-Bijlage-7a-Oplegnotitie-Openstellingen-OPZuid-2021-2027-voor-het-jaar-2024.pdf\">7a. Oplegnotitie Openstellingen OPZuid 2021-2027 voor het jaar 2024<\/a><\/span><\/li>\n<li><span style=\"text-decoration: underline\"><a href=\"https:\/\/www.stimulus.nl\/opzuid-2021-2027\/wp-content\/uploads\/sites\/12\/2024\/07\/2021-2027-Bijlage-7b-Inhoudelijk-kader-2024.pdf\">7b Inhoudelijk kader 2024<\/a><\/span><\/li>\n<li><span style=\"text-decoration: underline\"><a href=\"https:\/\/www.stimulus.nl\/opzuid-2021-2027\/wp-content\/uploads\/sites\/12\/2024\/07\/2021-2027-Bijlage-7c-Beoordelingskader-OPZuid-2021-2027.pdf\">7c. Beoordelingskader OPZuid 2021-2027\u00a0<\/a><\/span><\/li>\n<li><span style=\"text-decoration: underline\"><a href=\"https:\/\/www.stimulus.nl\/opzuid-2021-2027\/wp-content\/uploads\/sites\/12\/2024\/07\/2021-2027-Bijlage-8a-Stavaza-communicatie-acties-jaarplan-2023.pdf\">8a. Stavaza Communicatie acties jaarplan 2023<\/a><\/span><\/li>\n<li><a href=\"https:\/\/www.stimulus.nl\/opzuid-2021-2027\/wp-content\/uploads\/sites\/12\/2024\/07\/2021-2027-Bijlage-8b-Oplegnotitie-communicatieplan-2024.pdf\">8b. Oplegnotitie communicatieplan 2024<\/a><\/li>\n<li><a href=\"https:\/\/www.stimulus.nl\/opzuid-2021-2027\/wp-content\/uploads\/sites\/12\/2024\/07\/2021-2027-Bijlage-8c-Communicatieplan-2024.pdf\">8c communicatieplan 2024<\/a><\/li>\n<\/ul>\n<p><strong>Vergadering 29 maart 2023<\/strong><\/p>\n<ul>\n<li><a href=\"https:\/\/www.stimulus.nl\/opzuid-2021-2027\/wp-content\/uploads\/sites\/12\/2024\/07\/Verslag-CvT-OPZuid-2021-2027-d.d.-29-03-2023.pdf\">Notulen CvT OPZuid 2021-2027<\/a> d.d 29-03-2023<\/li>\n<li><span style=\"text-decoration: underline\"><a href=\"https:\/\/www.stimulus.nl\/opzuid-2021-2027\/wp-content\/uploads\/sites\/12\/2023\/08\/0.-Uitnodiging-Comite-van-Toezicht-29-maart-2023-ondertekend.pdf\">Uitnodiging Monitoringcomit\u00e9 29 maart 2023<\/a><\/span><\/li>\n<li><span style=\"text-decoration: underline\"><a href=\"https:\/\/www.stimulus.nl\/opzuid-2021-2027\/wp-content\/uploads\/sites\/12\/2023\/08\/2a.-Publicatie-aanwijzingsbesluit-voor-het-monitoringcomite.pdf\">2a. Publicatie aanwijzingsbesluit voor het Monitoringcomit\u00e9<\/a><\/span><\/li>\n<li><span style=\"text-decoration: underline\"><a href=\"https:\/\/www.stimulus.nl\/opzuid-2021-2027\/wp-content\/uploads\/sites\/12\/2023\/08\/3c.-Uitkomsten-op-schriftelijke-ronde-CvT-2021-2027-d.d.-10-02-2023.pdf\">3c. Uitkomsten op schriftelijke ronde Monitoringcomit\u00e9 2021-2027 d.d. 10-02-2023<\/a><\/span><\/li>\n<li><span style=\"text-decoration: underline\"><a href=\"https:\/\/www.stimulus.nl\/opzuid-2021-2027\/wp-content\/uploads\/sites\/12\/2023\/08\/4a.-Oplegnotitie-Programmawijziging-OPZuid.pdf\">4a. Oplegnotitie Programmawijziging OPZuid<\/a><\/span><\/li>\n<li><span style=\"text-decoration: underline\"><a href=\"https:\/\/www.stimulus.nl\/opzuid-2021-2027\/wp-content\/uploads\/sites\/12\/2023\/08\/4b.-Wijzigingen-Aanhangsel-1-Simplified-Cost-Options-EFRO-2021-2027-OPZuid.pdf\">4b. Wijzigingen Aanhangsel 1 Simplified Cost Options EFRO 2021-2027 &#8211; OPZuid<\/a><\/span><\/li>\n<li><span style=\"text-decoration: underline\"><a href=\"https:\/\/www.stimulus.nl\/opzuid-2021-2027\/wp-content\/uploads\/sites\/12\/2023\/08\/5b.-Monitoringrapport-OPZuid-2023-CvT.pdf\">5b. Monitoringrapport OPZuid 2023 &#8211; Monitoringcomit\u00e9<\/a><\/span><\/li>\n<li><span style=\"text-decoration: underline\"><a href=\"https:\/\/www.stimulus.nl\/opzuid-2021-2027\/wp-content\/uploads\/sites\/12\/2023\/08\/5c.-i.-Oplegnotitie-inrichting-OPZuid-2021-2027-openstelling-voor-en-najaar-2023.pdf\">5c. i. Oplegnotitie inrichting OPZuid 2021-2027 openstelling voor- en najaar 2023<\/a><\/span><\/li>\n<li><span style=\"text-decoration: underline\"><a href=\"https:\/\/www.stimulus.nl\/opzuid-2021-2027\/wp-content\/uploads\/sites\/12\/2023\/08\/5c.-ii.-OPZuid-2021-2027-Concept-openstellingen-2023.pdf\">5c. ii. OPZuid 2021-2027 &#8211; Concept openstellingen 2023<\/a><\/span><\/li>\n<li><span style=\"text-decoration: underline\"><a href=\"https:\/\/www.stimulus.nl\/opzuid-2021-2027\/wp-content\/uploads\/sites\/12\/2023\/08\/5c.-iii.-Inhoudelijk-kader-definitief-voor-CvT-02032023.pdf\">5c. iii. Inhoudelijk kader definitief voor Monitoringcomit\u00e9<\/a><\/span><\/li>\n<li><span style=\"text-decoration: underline\"><a href=\"https:\/\/www.stimulus.nl\/opzuid-2021-2027\/wp-content\/uploads\/sites\/12\/2023\/08\/6.-Oplegnotitie-Communicatieplan-OPZuid-2023.pdf\">6. Oplegnotitie Communicatieplan OPZuid 2023<\/a><\/span><\/li>\n<li><span style=\"text-decoration: underline\"><a href=\"https:\/\/www.stimulus.nl\/opzuid-2021-2027\/wp-content\/uploads\/sites\/12\/2023\/08\/6a.-Communicatieplan-2023-OPZuid-2021-2027.pdf\">6a. Communicatieplan 2023 &#8211; OPZuid 2021-2027<\/a><\/span><\/li>\n<\/ul>\n<p><strong>Vergadering 18 november 2022<\/strong><\/p>\n<ul>\n<li><span style=\"text-decoration: underline\"><a href=\"https:\/\/www.stimulus.nl\/opzuid-2021-2027\/wp-content\/uploads\/sites\/12\/2023\/03\/Verslag-CvT-2021-2027-d.d.-18-11-2022.pdf\">Notulen CvT 2021-2027 d.d. 18-11-2022<\/a><\/span><\/li>\n<li><span style=\"text-decoration: underline\"><a href=\"https:\/\/www.stimulus.nl\/opzuid-2021-2027\/wp-content\/uploads\/sites\/12\/2023\/03\/CvT-Uitnodiging-18-11-2022.pdf\">Uitnodiging Monitoringcomit\u00e9 18 november 2022<\/a><\/span><\/li>\n<li><span style=\"text-decoration: underline\"><a href=\"https:\/\/www.stimulus.nl\/opzuid-2021-2027\/wp-content\/uploads\/sites\/12\/2023\/03\/2021-2027-3a.-Bijlage-besluit-instelling-CvT-2021-2027.pdf\">3a. Bijlage besluit instelling Monitoringcomit\u00e9 2021-2027<\/a><\/span><\/li>\n<li><span style=\"text-decoration: underline\"><a href=\"https:\/\/www.stimulus.nl\/opzuid-2021-2027\/wp-content\/uploads\/sites\/12\/2023\/03\/2021-2027-3b.-Bijlage-besluit-instelling-Stuurgroep-2021-2027.pdf\">3b. Bijlage besluit instelling Stuurgroep 2021-2027<\/a><\/span><\/li>\n<li><span style=\"text-decoration: underline\"><a href=\"https:\/\/www.stimulus.nl\/opzuid-2021-2027\/wp-content\/uploads\/sites\/12\/2023\/03\/2021-2027-4a.-Beoordelingskader-EFRO-2021-2027-versie-16-maart-2021.pdf\">4a. Beoordelingskader EFRO 2021-2027 (versie 16 maart 2021)<\/a><\/span><\/li>\n<li><span style=\"text-decoration: underline\"><a href=\"https:\/\/www.stimulus.nl\/opzuid-2021-2027\/wp-content\/uploads\/sites\/12\/2023\/03\/2021-2027-4b.-Inhoudelijk-kader-openstellingen-OPZuid-2022-definitief-17-3-2022-inc-advies-stuurgroep.pdf\">4b. Inhoudelijk kader openstellingen OPZuid 2022 definitief 17-3-2022 inc advies stuurgroep<\/a><\/span><\/li>\n<li><span style=\"text-decoration: underline\"><a href=\"https:\/\/www.stimulus.nl\/opzuid-2021-2027\/wp-content\/uploads\/sites\/12\/2023\/03\/2021-2027-4c.-Reglement-van-Orde-CvT.pdf\">4c. Reglement van Orde Monitoringcomit\u00e9<\/a><\/span><\/li>\n<li><span style=\"text-decoration: underline\"><a href=\"https:\/\/www.stimulus.nl\/opzuid-2021-2027\/wp-content\/uploads\/sites\/12\/2023\/03\/2021-2027-5.-Terugkoppeling-openstelling-najaar-2022.pdf\">5. Terugkoppeling openstelling najaar 2022<\/a><\/span><\/li>\n<li><span style=\"text-decoration: underline\"><a href=\"https:\/\/www.stimulus.nl\/opzuid-2021-2027\/wp-content\/uploads\/sites\/12\/2023\/03\/2021-2027-6.-Communicatieplan-2022-OPZuid-2021-2027.pdf\">6. Communicatieplan 2022 OPZuid 2021-2027<\/a><\/span><\/li>\n<li><span style=\"text-decoration: underline\"><a href=\"https:\/\/www.stimulus.nl\/opzuid-2021-2027\/wp-content\/uploads\/sites\/12\/2023\/03\/2021-2027-6.-Oplegger-bij-OPZuid-communicatieplan-2022.pdf\">6. Oplegger bij OPZuid communicatieplan 2022<\/a><\/span><\/li>\n<\/ul>\n<\/div><\/div><\/div><\/div><\/div><\/div><\/div><\/div><\/div><\/div><\/div><\/div><\/section><section class=\"l-section wpb_row height_medium\"><div class=\"l-section-h i-cf\"><div class=\"g-cols vc_row via_flex valign_top type_default stacking_default\"><div class=\"vc_col-sm-12 wpb_column vc_column_container\"><div class=\"vc_column-inner\"><div class=\"wpb_wrapper\"><\/div><\/div><\/div><\/div><\/div><\/section>\n","protected":false},"excerpt":{"rendered":"Monitoringcomit\u00e9 Het Monitoringcomit\u00e9 (Comit\u00e9 van Toezicht) ziet toe op de correcte uitvoering van het programma: het evalueert onder andere de uitvoering en de vooruitgang die geboekt is met de verwezenlijking van de doelstellingen van het programma. Het Monitoringcomit\u00e9 staat onder voorzitterschap van de commissaris van de Koning van Zeeland. Die functie wordt momenteel bekleed door...","protected":false},"author":194,"featured_media":0,"parent":0,"menu_order":0,"comment_status":"closed","ping_status":"closed","template":"","meta":{"_acf_changed":false,"_monsterinsights_skip_tracking":false,"_monsterinsights_sitenote_active":false,"_monsterinsights_sitenote_note":"","_monsterinsights_sitenote_category":0,"footnotes":""},"class_list":["post-915","page","type-page","status-publish","hentry"],"acf":[],"_links":{"self":[{"href":"https:\/\/www.stimulus.nl\/opzuid-2021-2027\/wp-json\/wp\/v2\/pages\/915","targetHints":{"allow":["GET"]}}],"collection":[{"href":"https:\/\/www.stimulus.nl\/opzuid-2021-2027\/wp-json\/wp\/v2\/pages"}],"about":[{"href":"https:\/\/www.stimulus.nl\/opzuid-2021-2027\/wp-json\/wp\/v2\/types\/page"}],"author":[{"embeddable":true,"href":"https:\/\/www.stimulus.nl\/opzuid-2021-2027\/wp-json\/wp\/v2\/users\/194"}],"replies":[{"embeddable":true,"href":"https:\/\/www.stimulus.nl\/opzuid-2021-2027\/wp-json\/wp\/v2\/comments?post=915"}],"version-history":[{"count":32,"href":"https:\/\/www.stimulus.nl\/opzuid-2021-2027\/wp-json\/wp\/v2\/pages\/915\/revisions"}],"predecessor-version":[{"id":3073,"href":"https:\/\/www.stimulus.nl\/opzuid-2021-2027\/wp-json\/wp\/v2\/pages\/915\/revisions\/3073"}],"wp:attachment":[{"href":"https:\/\/www.stimulus.nl\/opzuid-2021-2027\/wp-json\/wp\/v2\/media?parent=915"}],"curies":[{"name":"wp","href":"https:\/\/api.w.org\/{rel}","templated":true}]}}