{"id":948,"date":"2023-06-19T11:24:05","date_gmt":"2023-06-19T11:24:05","guid":{"rendered":"https:\/\/www.stimulus.nl\/just-transition-fund\/?page_id=948"},"modified":"2023-10-19T09:11:55","modified_gmt":"2023-10-19T09:11:55","slug":"monitoringcomite","status":"publish","type":"page","link":"https:\/\/www.stimulus.nl\/just-transition-fund\/monitoringcomite\/","title":{"rendered":"Monitoringcomit\u00e9"},"content":{"rendered":"<section class=\"l-section wpb_row height_medium\"><div class=\"l-section-h i-cf\"><div class=\"g-cols vc_row via_flex valign_top type_default stacking_default\"><div class=\"vc_col-sm-12 wpb_column vc_column_container\"><div class=\"vc_column-inner\"><div class=\"wpb_wrapper\"><div class=\"wpb_text_column\"><div class=\"wpb_wrapper\"><h1>Monitoringcomit\u00e9<\/h1>\n<\/div><\/div><div class=\"wpb_text_column\"><div class=\"wpb_wrapper\"><p>Het Monitoringcomit\u00e9 (Comit\u00e9 van Toezicht) ziet toe op de correcte uitvoering van het programma: het evalueert onder andere de uitvoering en de vooruitgang die geboekt is met de verwezenlijking van de doelstellingen van het programma.<\/p>\n<p>Het Monitoringcomit\u00e9 bestaat uit vertegenwoordigers van de JTF-provincies en -regio&#8217;s, het Rijk, de Europese Commissie, milieuorganisaties, jongerenorganisaties, kennisinstellingen, werkgevers- en werknemersorganisaties. Het Monitoringcomit\u00e9 is ingesteld door de Beheer Autoriteit, zie hiertoe het <span style=\"text-decoration: underline\"><a href=\"https:\/\/wetten.overheid.nl\/BWBR0048182\/2023-05-25\" target=\"_blank\" rel=\"noopener\">instellingsbesluit<\/a><\/span>.<\/p>\n<p>In het kader van transparantie heeft het Monitoringcomit\u00e9 besloten om van elke vergadering een beknopt verslag te publiceren. De verslagen worden beschikbaar gesteld op de website van <a href=\"https:\/\/www.uitvoeringvanbeleidszw.nl\/subsidies-en-regelingen\/just-transition-fund-jtf\/monitorcomite-jtf\" target=\"_blank\" rel=\"noopener\"><span style=\"text-decoration: underline\">Uitvoering van Beleid<\/span><\/a>.<\/p>\n<\/div><\/div><div class=\"w-separator size_medium\"><\/div><\/div><\/div><\/div><\/div><\/div><\/section><section class=\"l-section wpb_row height_medium\"><div class=\"l-section-h i-cf\"><div class=\"g-cols vc_row via_flex valign_top type_default stacking_default\"><div class=\"vc_col-sm-12 wpb_column vc_column_container\"><div class=\"vc_column-inner\"><div class=\"wpb_wrapper\"><div class=\"w-tabs layout_hor style_default switch_click has_scrolling\" style=\"--sections-title-size:1em\"><div class=\"w-tabs-list items_1 align_none\"><div class=\"w-tabs-list-h\"><button class=\"w-tabs-item active\" aria-controls=\"content-if68\" aria-expanded=\"false\"><span class=\"w-tabs-item-title\">Leden Monitoringcomit\u00e9<\/span><\/button><\/div><\/div><div class=\"w-tabs-sections titles-align_none icon_chevron cpos_right\"><div class=\"w-tabs-section active\" id=\"if68\"><button class=\"w-tabs-section-header active\" aria-controls=\"content-if68\" aria-expanded=\"true\"><div class=\"w-tabs-section-title\">Leden Monitoringcomit\u00e9<\/div><div class=\"w-tabs-section-control\"><\/div><\/button><div  class=\"w-tabs-section-content\" id=\"content-if68\"><div class=\"w-tabs-section-content-h i-cf\"><div class=\"wpb_text_column\"><div class=\"wpb_wrapper\"><h2>Monitoringcomit\u00e9<\/h2>\n<\/div><\/div><div class=\"wpb_text_column\"><div class=\"wpb_wrapper\"><p>[team_manager category=&#8217;monitoringcomite-jtf&#8217; orderby=&#8217;title&#8217; limit=&#8217;0&#8242; post__in=&#8221; exclude=&#8221; layout=&#8217;grid&#8217; image_layout=&#8217;rounded&#8217; image_size=&#8217;thumbnail&#8217;]<\/p>\n<\/div><\/div><\/div><\/div><\/div><\/div><\/div><\/div><\/div><\/div><\/div><\/div><\/section>\n","protected":false},"excerpt":{"rendered":"Monitoringcomit\u00e9 Het Monitoringcomit\u00e9 (Comit\u00e9 van Toezicht) ziet toe op de correcte uitvoering van het programma: het evalueert onder andere de uitvoering en de vooruitgang die geboekt is met de verwezenlijking van de doelstellingen van het programma. Het Monitoringcomit\u00e9 bestaat uit vertegenwoordigers van de JTF-provincies en -regio&#8217;s, het Rijk, de Europese Commissie, milieuorganisaties, jongerenorganisaties, kennisinstellingen, werkgevers-...","protected":false},"author":253,"featured_media":0,"parent":0,"menu_order":0,"comment_status":"closed","ping_status":"closed","template":"","meta":{"_acf_changed":false,"_monsterinsights_skip_tracking":false,"_monsterinsights_sitenote_active":false,"_monsterinsights_sitenote_note":"","_monsterinsights_sitenote_category":0,"footnotes":""},"class_list":["post-948","page","type-page","status-publish","hentry"],"acf":[],"_links":{"self":[{"href":"https:\/\/www.stimulus.nl\/just-transition-fund\/wp-json\/wp\/v2\/pages\/948","targetHints":{"allow":["GET"]}}],"collection":[{"href":"https:\/\/www.stimulus.nl\/just-transition-fund\/wp-json\/wp\/v2\/pages"}],"about":[{"href":"https:\/\/www.stimulus.nl\/just-transition-fund\/wp-json\/wp\/v2\/types\/page"}],"author":[{"embeddable":true,"href":"https:\/\/www.stimulus.nl\/just-transition-fund\/wp-json\/wp\/v2\/users\/253"}],"replies":[{"embeddable":true,"href":"https:\/\/www.stimulus.nl\/just-transition-fund\/wp-json\/wp\/v2\/comments?post=948"}],"version-history":[{"count":12,"href":"https:\/\/www.stimulus.nl\/just-transition-fund\/wp-json\/wp\/v2\/pages\/948\/revisions"}],"predecessor-version":[{"id":1378,"href":"https:\/\/www.stimulus.nl\/just-transition-fund\/wp-json\/wp\/v2\/pages\/948\/revisions\/1378"}],"wp:attachment":[{"href":"https:\/\/www.stimulus.nl\/just-transition-fund\/wp-json\/wp\/v2\/media?parent=948"}],"curies":[{"name":"wp","href":"https:\/\/api.w.org\/{rel}","templated":true}]}}

Monitoringcomité

<section class="l-section wpb_row height_medium"><div class="l-section-h i-cf"><div class="g-cols vc_row via_flex valign_top type_default stacking_default"><div class="vc_col-sm-12 wpb_column vc_column_container"><div class="vc_column-inner"><div class="wpb_wrapper"><div class="wpb_text_column"><div class="wpb_wrapper"><h1>Monitoringcomité</h1>
</div></div><div class="wpb_text_column"><div class="wpb_wrapper"><p>Het Monitoringcomité (Comité van Toezicht) ziet toe op de correcte uitvoering van het programma: het evalueert onder andere de uitvoering en de vooruitgang die geboekt is met de verwezenlijking van de doelstellingen van het programma.</p>
<p>Het Monitoringcomité bestaat uit vertegenwoordigers van de JTF-provincies en -regio&#8217;s, het Rijk, de Europese Commissie, milieuorganisaties, jongerenorganisaties, kennisinstellingen, werkgevers- en werknemersorganisaties. Het Monitoringcomité is ingesteld door de Beheer Autoriteit, zie hiertoe het <span style="text-decoration: underline"><a href="https://wetten.overheid.nl/BWBR0048182/2023-05-25" target="_blank" rel="noopener">instellingsbesluit</a></span>.</p>
<p>In het kader van transparantie heeft het Monitoringcomité besloten om van elke vergadering een beknopt verslag te publiceren. De verslagen worden beschikbaar gesteld op de website van <a href="https://www.uitvoeringvanbeleidszw.nl/subsidies-en-regelingen/just-transition-fund-jtf/monitorcomite-jtf" target="_blank" rel="noopener"><span style="text-decoration: underline">Uitvoering van Beleid</span></a>.</p>
</div></div><div class="w-separator size_medium"></div></div></div></div></div></div></section><section class="l-section wpb_row height_medium"><div class="l-section-h i-cf"><div class="g-cols vc_row via_flex valign_top type_default stacking_default"><div class="vc_col-sm-12 wpb_column vc_column_container"><div class="vc_column-inner"><div class="wpb_wrapper"><div class="w-tabs layout_hor style_default switch_click has_scrolling" style="--sections-title-size:1em"><div class="w-tabs-list items_1 align_none"><div class="w-tabs-list-h"><button class="w-tabs-item active" aria-controls="content-if68" aria-expanded="false"><span class="w-tabs-item-title">Leden Monitoringcomité</span></button></div></div><div class="w-tabs-sections titles-align_none icon_chevron cpos_right"><div class="w-tabs-section active" id="if68"><button class="w-tabs-section-header active" aria-controls="content-if68" aria-expanded="true"><div class="w-tabs-section-title">Leden Monitoringcomité</div><div class="w-tabs-section-control"></div></button><div  class="w-tabs-section-content" id="content-if68"><div class="w-tabs-section-content-h i-cf"><div class="wpb_text_column"><div class="wpb_wrapper"><h2>Monitoringcomité</h2>
</div></div><div class="wpb_text_column"><div class="wpb_wrapper"><p>[team_manager category=&#8217;monitoringcomite-jtf&#8217; orderby=&#8217;title&#8217; limit=&#8217;0&#8242; post__in=&#8221; exclude=&#8221; layout=&#8217;grid&#8217; image_layout=&#8217;rounded&#8217; image_size=&#8217;thumbnail&#8217;]</p>
</div></div></div></div></div></div></div></div></div></div></div></div></section>

Monitoringcomité Het Monitoringcomité (Comité van Toezicht) ziet toe op de correcte uitvoering van het programma: het evalueert onder andere de uitvoering en de vooruitgang die geboekt is met de verwezenlijking van de doelstellingen van het programma. Het Monitoringcomité bestaat uit vertegenwoordigers van de JTF-provincies en -regio&#8217;s, het Rijk, de Europese Commissie, milieuorganisaties, jongerenorganisaties, kennisinstellingen, werkgevers-...
